{"id":1959,"date":"2023-10-30T17:13:58","date_gmt":"2023-10-30T16:13:58","guid":{"rendered":"https:\/\/www.greta-hessel.de\/Medienagentur\/?page_id=1959"},"modified":"2024-04-25T09:39:52","modified_gmt":"2024-04-25T07:39:52","slug":"aegypten-steigenberger-makadi-bay","status":"publish","type":"page","link":"https:\/\/www.greta-hessel.de\/Medienagentur\/aegypten-steigenberger-makadi-bay\/","title":{"rendered":"\u00c4gypten &#8211; Steigenberger Makadi Bay"},"content":{"rendered":"\n<figure class=\"wp-block-image size-large\"><a href=\"https:\/\/www.greta-hessel.de\/Medienagentur\/wp-content\/uploads\/2023\/10\/112.jpg\"><img decoding=\"async\" width=\"1024\" height=\"1024\" data-src=\"https:\/\/www.greta-hessel.de\/Medienagentur\/wp-content\/uploads\/2023\/10\/112-1024x1024.jpg\" alt=\"\" class=\"wp-image-1964 lazyload\" data-srcset=\"https:\/\/www.greta-hessel.de\/Medienagentur\/wp-content\/uploads\/2023\/10\/112-1024x1024.jpg 1024w, https:\/\/www.greta-hessel.de\/Medienagentur\/wp-content\/uploads\/2023\/10\/112-300x300.jpg 300w, https:\/\/www.greta-hessel.de\/Medienagentur\/wp-content\/uploads\/2023\/10\/112-150x150.jpg 150w, https:\/\/www.greta-hessel.de\/Medienagentur\/wp-content\/uploads\/2023\/10\/112-768x768.jpg 768w, https:\/\/www.greta-hessel.de\/Medienagentur\/wp-content\/uploads\/2023\/10\/112-1536x1536.jpg 1536w, https:\/\/www.greta-hessel.de\/Medienagentur\/wp-content\/uploads\/2023\/10\/112-2048x2048.jpg 2048w\" data-sizes=\"(max-width: 1024px) 100vw, 1024px\" src=\"data:image\/svg+xml;base64,PHN2ZyB3aWR0aD0iMSIgaGVpZ2h0PSIxIiB4bWxucz0iaHR0cDovL3d3dy53My5vcmcvMjAwMC9zdmciPjwvc3ZnPg==\" style=\"--smush-placeholder-width: 1024px; --smush-placeholder-aspect-ratio: 1024\/1024;\" \/><\/a><\/figure>\n\n\n\n<figure class=\"wp-block-image size-large is-resized\"><a href=\"https:\/\/www.greta-hessel.de\/Medienagentur\/wp-content\/uploads\/2023\/10\/113.jpg\"><img decoding=\"async\" width=\"1024\" height=\"1024\" data-src=\"https:\/\/www.greta-hessel.de\/Medienagentur\/wp-content\/uploads\/2023\/10\/113-1024x1024.jpg\" alt=\"\" class=\"wp-image-1966 lazyload\" style=\"--smush-placeholder-width: 1024px; --smush-placeholder-aspect-ratio: 1024\/1024;aspect-ratio:1;width:634px;height:auto\" data-srcset=\"https:\/\/www.greta-hessel.de\/Medienagentur\/wp-content\/uploads\/2023\/10\/113-1024x1024.jpg 1024w, https:\/\/www.greta-hessel.de\/Medienagentur\/wp-content\/uploads\/2023\/10\/113-300x300.jpg 300w, https:\/\/www.greta-hessel.de\/Medienagentur\/wp-content\/uploads\/2023\/10\/113-150x150.jpg 150w, https:\/\/www.greta-hessel.de\/Medienagentur\/wp-content\/uploads\/2023\/10\/113-768x768.jpg 768w, https:\/\/www.greta-hessel.de\/Medienagentur\/wp-content\/uploads\/2023\/10\/113-1536x1536.jpg 1536w, https:\/\/www.greta-hessel.de\/Medienagentur\/wp-content\/uploads\/2023\/10\/113-2048x2048.jpg 2048w\" data-sizes=\"(max-width: 1024px) 100vw, 1024px\" src=\"data:image\/svg+xml;base64,PHN2ZyB3aWR0aD0iMSIgaGVpZ2h0PSIxIiB4bWxucz0iaHR0cDovL3d3dy53My5vcmcvMjAwMC9zdmciPjwvc3ZnPg==\" \/><\/a><\/figure>\n\n\n\n<figure class=\"wp-block-image size-large is-resized\"><a href=\"https:\/\/www.greta-hessel.de\/Medienagentur\/wp-content\/uploads\/2023\/10\/114.jpg\"><img decoding=\"async\" width=\"1024\" height=\"1024\" data-src=\"https:\/\/www.greta-hessel.de\/Medienagentur\/wp-content\/uploads\/2023\/10\/114-1024x1024.jpg\" alt=\"\" class=\"wp-image-1968 lazyload\" style=\"--smush-placeholder-width: 1024px; --smush-placeholder-aspect-ratio: 1024\/1024;aspect-ratio:1;width:634px;height:auto\" data-srcset=\"https:\/\/www.greta-hessel.de\/Medienagentur\/wp-content\/uploads\/2023\/10\/114-1024x1024.jpg 1024w, https:\/\/www.greta-hessel.de\/Medienagentur\/wp-content\/uploads\/2023\/10\/114-300x300.jpg 300w, https:\/\/www.greta-hessel.de\/Medienagentur\/wp-content\/uploads\/2023\/10\/114-150x150.jpg 150w, https:\/\/www.greta-hessel.de\/Medienagentur\/wp-content\/uploads\/2023\/10\/114-768x768.jpg 768w, https:\/\/www.greta-hessel.de\/Medienagentur\/wp-content\/uploads\/2023\/10\/114-1536x1536.jpg 1536w, https:\/\/www.greta-hessel.de\/Medienagentur\/wp-content\/uploads\/2023\/10\/114-2048x2048.jpg 2048w\" data-sizes=\"(max-width: 1024px) 100vw, 1024px\" src=\"data:image\/svg+xml;base64,PHN2ZyB3aWR0aD0iMSIgaGVpZ2h0PSIxIiB4bWxucz0iaHR0cDovL3d3dy53My5vcmcvMjAwMC9zdmciPjwvc3ZnPg==\" \/><\/a><\/figure>\n\n\n\n<figure class=\"wp-block-image size-large\"><a href=\"https:\/\/www.greta-hessel.de\/Medienagentur\/wp-content\/uploads\/2023\/10\/115.jpg\"><img decoding=\"async\" width=\"1024\" height=\"1024\" data-src=\"https:\/\/www.greta-hessel.de\/Medienagentur\/wp-content\/uploads\/2023\/10\/115-1024x1024.jpg\" alt=\"\" class=\"wp-image-1969 lazyload\" data-srcset=\"https:\/\/www.greta-hessel.de\/Medienagentur\/wp-content\/uploads\/2023\/10\/115-1024x1024.jpg 1024w, https:\/\/www.greta-hessel.de\/Medienagentur\/wp-content\/uploads\/2023\/10\/115-300x300.jpg 300w, https:\/\/www.greta-hessel.de\/Medienagentur\/wp-content\/uploads\/2023\/10\/115-150x150.jpg 150w, https:\/\/www.greta-hessel.de\/Medienagentur\/wp-content\/uploads\/2023\/10\/115-768x768.jpg 768w, https:\/\/www.greta-hessel.de\/Medienagentur\/wp-content\/uploads\/2023\/10\/115-1536x1536.jpg 1536w, https:\/\/www.greta-hessel.de\/Medienagentur\/wp-content\/uploads\/2023\/10\/115-2048x2048.jpg 2048w\" data-sizes=\"(max-width: 1024px) 100vw, 1024px\" src=\"data:image\/svg+xml;base64,PHN2ZyB3aWR0aD0iMSIgaGVpZ2h0PSIxIiB4bWxucz0iaHR0cDovL3d3dy53My5vcmcvMjAwMC9zdmciPjwvc3ZnPg==\" style=\"--smush-placeholder-width: 1024px; --smush-placeholder-aspect-ratio: 1024\/1024;\" \/><\/a><\/figure>\n\n\n\n<figure class=\"wp-block-image size-large\"><a href=\"https:\/\/www.greta-hessel.de\/Medienagentur\/wp-content\/uploads\/2023\/10\/116.jpg\"><img decoding=\"async\" width=\"1024\" height=\"1024\" data-src=\"https:\/\/www.greta-hessel.de\/Medienagentur\/wp-content\/uploads\/2023\/10\/116-1024x1024.jpg\" alt=\"\" class=\"wp-image-1970 lazyload\" data-srcset=\"https:\/\/www.greta-hessel.de\/Medienagentur\/wp-content\/uploads\/2023\/10\/116-1024x1024.jpg 1024w, https:\/\/www.greta-hessel.de\/Medienagentur\/wp-content\/uploads\/2023\/10\/116-300x300.jpg 300w, https:\/\/www.greta-hessel.de\/Medienagentur\/wp-content\/uploads\/2023\/10\/116-150x150.jpg 150w, https:\/\/www.greta-hessel.de\/Medienagentur\/wp-content\/uploads\/2023\/10\/116-768x768.jpg 768w, https:\/\/www.greta-hessel.de\/Medienagentur\/wp-content\/uploads\/2023\/10\/116-1536x1536.jpg 1536w, https:\/\/www.greta-hessel.de\/Medienagentur\/wp-content\/uploads\/2023\/10\/116-2048x2048.jpg 2048w\" data-sizes=\"(max-width: 1024px) 100vw, 1024px\" src=\"data:image\/svg+xml;base64,PHN2ZyB3aWR0aD0iMSIgaGVpZ2h0PSIxIiB4bWxucz0iaHR0cDovL3d3dy53My5vcmcvMjAwMC9zdmciPjwvc3ZnPg==\" style=\"--smush-placeholder-width: 1024px; --smush-placeholder-aspect-ratio: 1024\/1024;\" \/><\/a><\/figure>\n\n\n\n<figure class=\"wp-block-image size-large\"><a href=\"https:\/\/www.greta-hessel.de\/Medienagentur\/wp-content\/uploads\/2023\/10\/117.jpg\"><img decoding=\"async\" width=\"1024\" height=\"1024\" data-src=\"https:\/\/www.greta-hessel.de\/Medienagentur\/wp-content\/uploads\/2023\/10\/117-1024x1024.jpg\" alt=\"\" class=\"wp-image-1973 lazyload\" data-srcset=\"https:\/\/www.greta-hessel.de\/Medienagentur\/wp-content\/uploads\/2023\/10\/117-1024x1024.jpg 1024w, https:\/\/www.greta-hessel.de\/Medienagentur\/wp-content\/uploads\/2023\/10\/117-300x300.jpg 300w, https:\/\/www.greta-hessel.de\/Medienagentur\/wp-content\/uploads\/2023\/10\/117-150x150.jpg 150w, https:\/\/www.greta-hessel.de\/Medienagentur\/wp-content\/uploads\/2023\/10\/117-768x768.jpg 768w, https:\/\/www.greta-hessel.de\/Medienagentur\/wp-content\/uploads\/2023\/10\/117-1536x1536.jpg 1536w, https:\/\/www.greta-hessel.de\/Medienagentur\/wp-content\/uploads\/2023\/10\/117-2048x2048.jpg 2048w\" data-sizes=\"(max-width: 1024px) 100vw, 1024px\" src=\"data:image\/svg+xml;base64,PHN2ZyB3aWR0aD0iMSIgaGVpZ2h0PSIxIiB4bWxucz0iaHR0cDovL3d3dy53My5vcmcvMjAwMC9zdmciPjwvc3ZnPg==\" style=\"--smush-placeholder-width: 1024px; --smush-placeholder-aspect-ratio: 1024\/1024;\" \/><\/a><\/figure>\n\n\n\n<figure class=\"wp-block-image size-large is-resized\"><a href=\"https:\/\/www.greta-hessel.de\/Medienagentur\/wp-content\/uploads\/2023\/10\/118.jpg\"><img decoding=\"async\" width=\"1024\" height=\"1024\" data-src=\"https:\/\/www.greta-hessel.de\/Medienagentur\/wp-content\/uploads\/2023\/10\/118-1024x1024.jpg\" alt=\"\" class=\"wp-image-1971 lazyload\" style=\"--smush-placeholder-width: 1024px; --smush-placeholder-aspect-ratio: 1024\/1024;aspect-ratio:1;width:636px;height:auto\" data-srcset=\"https:\/\/www.greta-hessel.de\/Medienagentur\/wp-content\/uploads\/2023\/10\/118-1024x1024.jpg 1024w, https:\/\/www.greta-hessel.de\/Medienagentur\/wp-content\/uploads\/2023\/10\/118-300x300.jpg 300w, https:\/\/www.greta-hessel.de\/Medienagentur\/wp-content\/uploads\/2023\/10\/118-150x150.jpg 150w, https:\/\/www.greta-hessel.de\/Medienagentur\/wp-content\/uploads\/2023\/10\/118-768x768.jpg 768w, https:\/\/www.greta-hessel.de\/Medienagentur\/wp-content\/uploads\/2023\/10\/118-1536x1536.jpg 1536w, https:\/\/www.greta-hessel.de\/Medienagentur\/wp-content\/uploads\/2023\/10\/118-2048x2048.jpg 2048w\" data-sizes=\"(max-width: 1024px) 100vw, 1024px\" src=\"data:image\/svg+xml;base64,PHN2ZyB3aWR0aD0iMSIgaGVpZ2h0PSIxIiB4bWxucz0iaHR0cDovL3d3dy53My5vcmcvMjAwMC9zdmciPjwvc3ZnPg==\" \/><\/a><\/figure>\n\n\n\n<figure class=\"wp-block-image size-large\"><a href=\"https:\/\/www.greta-hessel.de\/Medienagentur\/wp-content\/uploads\/2023\/10\/119.jpg\"><img decoding=\"async\" width=\"1024\" height=\"1024\" data-src=\"https:\/\/www.greta-hessel.de\/Medienagentur\/wp-content\/uploads\/2023\/10\/119-1024x1024.jpg\" alt=\"\" class=\"wp-image-1972 lazyload\" data-srcset=\"https:\/\/www.greta-hessel.de\/Medienagentur\/wp-content\/uploads\/2023\/10\/119-1024x1024.jpg 1024w, https:\/\/www.greta-hessel.de\/Medienagentur\/wp-content\/uploads\/2023\/10\/119-300x300.jpg 300w, https:\/\/www.greta-hessel.de\/Medienagentur\/wp-content\/uploads\/2023\/10\/119-150x150.jpg 150w, https:\/\/www.greta-hessel.de\/Medienagentur\/wp-content\/uploads\/2023\/10\/119-768x768.jpg 768w, https:\/\/www.greta-hessel.de\/Medienagentur\/wp-content\/uploads\/2023\/10\/119-1536x1536.jpg 1536w, https:\/\/www.greta-hessel.de\/Medienagentur\/wp-content\/uploads\/2023\/10\/119-2048x2048.jpg 2048w\" data-sizes=\"(max-width: 1024px) 100vw, 1024px\" src=\"data:image\/svg+xml;base64,PHN2ZyB3aWR0aD0iMSIgaGVpZ2h0PSIxIiB4bWxucz0iaHR0cDovL3d3dy53My5vcmcvMjAwMC9zdmciPjwvc3ZnPg==\" style=\"--smush-placeholder-width: 1024px; --smush-placeholder-aspect-ratio: 1024\/1024;\" \/><\/a><\/figure>\n\n\n\n<figure class=\"wp-block-image size-large\"><a href=\"https:\/\/www.greta-hessel.de\/Medienagentur\/wp-content\/uploads\/2023\/10\/120.jpg\"><img decoding=\"async\" width=\"1024\" height=\"1024\" data-src=\"https:\/\/www.greta-hessel.de\/Medienagentur\/wp-content\/uploads\/2023\/10\/120-1024x1024.jpg\" alt=\"\" class=\"wp-image-1974 lazyload\" data-srcset=\"https:\/\/www.greta-hessel.de\/Medienagentur\/wp-content\/uploads\/2023\/10\/120-1024x1024.jpg 1024w, https:\/\/www.greta-hessel.de\/Medienagentur\/wp-content\/uploads\/2023\/10\/120-300x300.jpg 300w, https:\/\/www.greta-hessel.de\/Medienagentur\/wp-content\/uploads\/2023\/10\/120-150x150.jpg 150w, https:\/\/www.greta-hessel.de\/Medienagentur\/wp-content\/uploads\/2023\/10\/120-768x768.jpg 768w, https:\/\/www.greta-hessel.de\/Medienagentur\/wp-content\/uploads\/2023\/10\/120-1536x1536.jpg 1536w, https:\/\/www.greta-hessel.de\/Medienagentur\/wp-content\/uploads\/2023\/10\/120-2048x2048.jpg 2048w\" data-sizes=\"(max-width: 1024px) 100vw, 1024px\" src=\"data:image\/svg+xml;base64,PHN2ZyB3aWR0aD0iMSIgaGVpZ2h0PSIxIiB4bWxucz0iaHR0cDovL3d3dy53My5vcmcvMjAwMC9zdmciPjwvc3ZnPg==\" style=\"--smush-placeholder-width: 1024px; --smush-placeholder-aspect-ratio: 1024\/1024;\" \/><\/a><\/figure>\n\n\n\n<figure class=\"wp-block-image size-large\"><a href=\"https:\/\/www.greta-hessel.de\/Medienagentur\/wp-content\/uploads\/2023\/10\/121.jpg\"><img decoding=\"async\" width=\"1024\" height=\"1024\" data-src=\"https:\/\/www.greta-hessel.de\/Medienagentur\/wp-content\/uploads\/2023\/10\/121-1024x1024.jpg\" alt=\"\" class=\"wp-image-1975 lazyload\" data-srcset=\"https:\/\/www.greta-hessel.de\/Medienagentur\/wp-content\/uploads\/2023\/10\/121-1024x1024.jpg 1024w, https:\/\/www.greta-hessel.de\/Medienagentur\/wp-content\/uploads\/2023\/10\/121-300x300.jpg 300w, https:\/\/www.greta-hessel.de\/Medienagentur\/wp-content\/uploads\/2023\/10\/121-150x150.jpg 150w, https:\/\/www.greta-hessel.de\/Medienagentur\/wp-content\/uploads\/2023\/10\/121-768x768.jpg 768w, https:\/\/www.greta-hessel.de\/Medienagentur\/wp-content\/uploads\/2023\/10\/121-1536x1536.jpg 1536w, https:\/\/www.greta-hessel.de\/Medienagentur\/wp-content\/uploads\/2023\/10\/121-2048x2048.jpg 2048w\" data-sizes=\"(max-width: 1024px) 100vw, 1024px\" src=\"data:image\/svg+xml;base64,PHN2ZyB3aWR0aD0iMSIgaGVpZ2h0PSIxIiB4bWxucz0iaHR0cDovL3d3dy53My5vcmcvMjAwMC9zdmciPjwvc3ZnPg==\" style=\"--smush-placeholder-width: 1024px; --smush-placeholder-aspect-ratio: 1024\/1024;\" \/><\/a><\/figure>\n\n\n\n<p><\/p>\n\n\n\n<p><\/p>\n\n\n\n<h2 class=\"wp-block-heading\" id=\"HEADING\">\u00d6kologisch und umweltbewusst<\/h2>\n\n\n\n<p>Tripadvisor Bewertung zu\u00a0Steigenberger Makadi<\/p>\n\n\n\n<p>Bewertet 9. Dezember 2019<\/p>\n\n\n\n<p>Neben dem guten Essen, den sch\u00f6nen Zimmern, dem zuvorkommenden Service der lieben Mitarbeiter, hat mich der gr\u00fcne, \u00f6kologische Aspekt positiv \u00fcberrascht. Entgegen meinen \u00c4ngsten konnte ich unbeschwert alle Cocktails mit Eisw\u00fcrfel genie\u00dfen und die Z\u00e4hne mit flie\u00dfendem Wasser putzen, denn das Hotel hat eine eigene Wasseraufbereitungsanlage, in dem das Wasser aus der W\u00fcste sogar recycelt wird. Ich habe ohne Probleme alle k\u00f6stlichen Salate und jegliches frische Obst essen k\u00f6nnen.<br><br>Das Hotel hat die Auszeichnung \u201eGreen Star Hotel\u201c. Der General Manager Mister Ayman Anis legt sehr viel Wert auf Nachhaltigkeit und Umweltbewusstsein und ist somit seiner Zeit voraus. Neben Solarenergie, Abfallaufbereitung, Energieeinsparung und umweltfreundlichen Reinigungsmitteln ist das n\u00e4chste Ziel die Vermeidung von Plastikflaschen.<br><br>Das Hotel hat f\u00fcnf gr\u00fcne Sterne erreicht, was somit die h\u00f6chste Punktzahl ist und bedeutet, dass sowohl die Gesch\u00e4ftsleitung wie auch die Mitarbeiter h\u00f6chsten Wert legen auf den Schutz von Natur und Umwelt. F\u00fcr mich TOP!!Mehr<\/p>\n\n\n\n<p><strong>Aufenthaltsdatum:<\/strong>\u00a0November 2019<\/p>\n\n\n\n<h2 class=\"wp-block-heading\">TUI Bewertung<\/h2>\n\n\n\n<p>Neben dem guten Essen, den sch\u00f6nen Zimmern, dem zuvorkommenden Service der lieben Mitarbeiter, hat mich der gr\u00fcne, \u00f6kologische Aspekt positiv \u00fcberrascht. Entgegen meinen \u00c4ngsten konnte ich unbeschwert alle Cocktails mit Eisw\u00fcrfel genie\u00dfen und die Z\u00e4hne mit flie\u00dfendem Wasser putzen, denn das Hotel hat eine eigene Wasseraufbereitungsanlage, in dem das Wasser aus der W\u00fcste sogar recycelt wird. Ich habe ohne Probleme alle k\u00f6stlichen Salate und jegliches frische&nbsp; Obst essen k\u00f6nnen.<\/p>\n\n\n\n<p>Das Hotel hat die Auszeichnung \u201eGreen Star Hotel\u201c. Der General Manager Mister Ayman Anis legt sehr viel Wert auf&nbsp; Nachhaltigkeit und Umweltbewusstsein und ist somit seiner Zeit voraus. Neben Solarenergie, Abfallaufbereitung, Energieeinsparung und umweltfreundlichen Reinigungsmitteln ist das n\u00e4chste Ziel die Vermeidung von Plastikflaschen.<\/p>\n\n\n\n<p>Das Hotel hat f\u00fcnf&nbsp; gr\u00fcne Sterne erreicht, was somit die h\u00f6chste Punktzahl ist und bedeutet, dass sowohl die Gesch\u00e4ftsleitung wie auch die Mitarbeiter h\u00f6chsten Wert legen auf den Schutz von Natur und Umwelt. F\u00fcr mich TOP!!<\/p>\n","protected":false},"excerpt":{"rendered":"<p>\u00d6kologisch und umweltbewusst Tripadvisor Bewertung zu\u00a0Steigenberger Makadi Bewertet 9. Dezember 2019 Neben dem guten Essen, den sch\u00f6nen Zimmern, dem zuvorkommenden Service der lieben Mitarbeiter, hat mich der gr\u00fcne, \u00f6kologische Aspekt positiv \u00fcberrascht. Entgegen meinen \u00c4ngsten konnte ich unbeschwert alle Cocktails mit Eisw\u00fcrfel genie\u00dfen und die Z\u00e4hne mit flie\u00dfendem Wasser putzen, denn das Hotel hat eine &hellip; <a href=\"https:\/\/www.greta-hessel.de\/Medienagentur\/aegypten-steigenberger-makadi-bay\/\" class=\"more-link\"><span class=\"screen-reader-text\">\u00c4gypten &#8211; Steigenberger Makadi Bay<\/span> weiterlesen <span class=\"meta-nav\">&rarr;<\/span><\/a><\/p>\n","protected":false},"author":1,"featured_media":0,"parent":0,"menu_order":0,"comment_status":"closed","ping_status":"closed","template":"","meta":{"_exactmetrics_skip_tracking":false,"_exactmetrics_sitenote_active":false,"_exactmetrics_sitenote_note":"","_exactmetrics_sitenote_category":0,"footnotes":""},"class_list":["post-1959","page","type-page","status-publish","hentry"],"_links":{"self":[{"href":"https:\/\/www.greta-hessel.de\/Medienagentur\/wp-json\/wp\/v2\/pages\/1959","targetHints":{"allow":["GET"]}}],"collection":[{"href":"https:\/\/www.greta-hessel.de\/Medienagentur\/wp-json\/wp\/v2\/pages"}],"about":[{"href":"https:\/\/www.greta-hessel.de\/Medienagentur\/wp-json\/wp\/v2\/types\/page"}],"author":[{"embeddable":true,"href":"https:\/\/www.greta-hessel.de\/Medienagentur\/wp-json\/wp\/v2\/users\/1"}],"replies":[{"embeddable":true,"href":"https:\/\/www.greta-hessel.de\/Medienagentur\/wp-json\/wp\/v2\/comments?post=1959"}],"version-history":[{"count":7,"href":"https:\/\/www.greta-hessel.de\/Medienagentur\/wp-json\/wp\/v2\/pages\/1959\/revisions"}],"predecessor-version":[{"id":2416,"href":"https:\/\/www.greta-hessel.de\/Medienagentur\/wp-json\/wp\/v2\/pages\/1959\/revisions\/2416"}],"wp:attachment":[{"href":"https:\/\/www.greta-hessel.de\/Medienagentur\/wp-json\/wp\/v2\/media?parent=1959"}],"curies":[{"name":"wp","href":"https:\/\/api.w.org\/{rel}","templated":true}]}}