{"id":221,"date":"2014-04-27T18:36:31","date_gmt":"2014-04-27T18:36:31","guid":{"rendered":"http:\/\/www.greta-hessel.de\/Medienagentur\/?page_id=221"},"modified":"2020-03-09T17:49:37","modified_gmt":"2020-03-09T17:49:37","slug":"veroeffentlichungen","status":"publish","type":"page","link":"https:\/\/www.greta-hessel.de\/Medienagentur\/veroeffentlichungen\/","title":{"rendered":"Feine Adressen"},"content":{"rendered":"<h2>\u00a0<a href=\"http:\/\/www.greta-hessel.de\/Medienagentur\/wp-content\/uploads\/2014\/04\/Unbenannt-7.jpg\"><img decoding=\"async\" class=\"alignleft wp-image-444 size-full lazyload\" data-src=\"http:\/\/www.greta-hessel.de\/Medienagentur\/wp-content\/uploads\/2014\/04\/Unbenannt-7-e1422802247282.jpg\" alt=\"Unbenannt-7\" width=\"480\" height=\"679\" src=\"data:image\/svg+xml;base64,PHN2ZyB3aWR0aD0iMSIgaGVpZ2h0PSIxIiB4bWxucz0iaHR0cDovL3d3dy53My5vcmcvMjAwMC9zdmciPjwvc3ZnPg==\" style=\"--smush-placeholder-width: 480px; --smush-placeholder-aspect-ratio: 480\/679;\" \/><\/a><a href=\"http:\/\/www.greta-hessel.de\/Medienagentur\/wp-content\/uploads\/2014\/04\/Unbenannt-8.jpg\"><img decoding=\"async\" class=\"alignleft wp-image-447 size-full lazyload\" data-src=\"http:\/\/www.greta-hessel.de\/Medienagentur\/wp-content\/uploads\/2014\/04\/Unbenannt-8-e1422802075500.jpg\" alt=\"Unbenannt-8\" width=\"480\" height=\"679\" src=\"data:image\/svg+xml;base64,PHN2ZyB3aWR0aD0iMSIgaGVpZ2h0PSIxIiB4bWxucz0iaHR0cDovL3d3dy53My5vcmcvMjAwMC9zdmciPjwvc3ZnPg==\" style=\"--smush-placeholder-width: 480px; --smush-placeholder-aspect-ratio: 480\/679;\" \/><\/a><a href=\"http:\/\/www.greta-hessel.de\/Medienagentur\/wp-content\/uploads\/2014\/04\/Unbenannt-29pg.jpg\"><img decoding=\"async\" class=\"alignleft wp-image-475 size-full lazyload\" data-src=\"http:\/\/www.greta-hessel.de\/Medienagentur\/wp-content\/uploads\/2014\/04\/Unbenannt-29pg-e1422802194943.jpg\" alt=\"Unbenannt-29pg\" width=\"700\" height=\"990\" src=\"data:image\/svg+xml;base64,PHN2ZyB3aWR0aD0iMSIgaGVpZ2h0PSIxIiB4bWxucz0iaHR0cDovL3d3dy53My5vcmcvMjAwMC9zdmciPjwvc3ZnPg==\" style=\"--smush-placeholder-width: 700px; --smush-placeholder-aspect-ratio: 700\/990;\" \/><\/a><\/h2>\n<p><a href=\"http:\/\/www.greta-hessel.de\/Medienagentur\/wp-content\/uploads\/2014\/04\/Unbenannt-11.jpg\"><img decoding=\"async\" class=\"alignleft wp-image-451 size-full lazyload\" data-src=\"http:\/\/www.greta-hessel.de\/Medienagentur\/wp-content\/uploads\/2014\/04\/Unbenannt-11-e1422802329797.jpg\" alt=\"Unbenannt-11\" width=\"700\" height=\"990\" src=\"data:image\/svg+xml;base64,PHN2ZyB3aWR0aD0iMSIgaGVpZ2h0PSIxIiB4bWxucz0iaHR0cDovL3d3dy53My5vcmcvMjAwMC9zdmciPjwvc3ZnPg==\" style=\"--smush-placeholder-width: 700px; --smush-placeholder-aspect-ratio: 700\/990;\" \/><\/a><\/p>\n<p><a href=\"http:\/\/www.greta-hessel.de\/Medienagentur\/wp-content\/uploads\/2014\/04\/Unbenannt-9.jpg\"><img decoding=\"async\" class=\"alignleft wp-image-449 size-full lazyload\" data-src=\"http:\/\/www.greta-hessel.de\/Medienagentur\/wp-content\/uploads\/2014\/04\/Unbenannt-9-e1422802363221.jpg\" alt=\"Unbenannt-9\" width=\"700\" height=\"990\" src=\"data:image\/svg+xml;base64,PHN2ZyB3aWR0aD0iMSIgaGVpZ2h0PSIxIiB4bWxucz0iaHR0cDovL3d3dy53My5vcmcvMjAwMC9zdmciPjwvc3ZnPg==\" style=\"--smush-placeholder-width: 700px; --smush-placeholder-aspect-ratio: 700\/990;\" \/><\/a><\/p>\n<p><a href=\"http:\/\/www.greta-hessel.de\/Medienagentur\/wp-content\/uploads\/2014\/04\/Unbenannt-18jpg.jpg\"><img decoding=\"async\" class=\"alignleft wp-image-459 size-full lazyload\" data-src=\"http:\/\/www.greta-hessel.de\/Medienagentur\/wp-content\/uploads\/2014\/04\/Unbenannt-18jpg-e1422802392263.jpg\" alt=\"Unbenannt-18jpg\" width=\"700\" height=\"990\" src=\"data:image\/svg+xml;base64,PHN2ZyB3aWR0aD0iMSIgaGVpZ2h0PSIxIiB4bWxucz0iaHR0cDovL3d3dy53My5vcmcvMjAwMC9zdmciPjwvc3ZnPg==\" style=\"--smush-placeholder-width: 700px; --smush-placeholder-aspect-ratio: 700\/990;\" \/><\/a><a href=\"http:\/\/www.greta-hessel.de\/Medienagentur\/wp-content\/uploads\/2014\/04\/Unbenannt-15.jpg\"><img decoding=\"async\" class=\"alignleft wp-image-455 size-full lazyload\" data-src=\"http:\/\/www.greta-hessel.de\/Medienagentur\/wp-content\/uploads\/2014\/04\/Unbenannt-15-e1422802428370.jpg\" alt=\"Unbenannt-15\" width=\"700\" height=\"990\" src=\"data:image\/svg+xml;base64,PHN2ZyB3aWR0aD0iMSIgaGVpZ2h0PSIxIiB4bWxucz0iaHR0cDovL3d3dy53My5vcmcvMjAwMC9zdmciPjwvc3ZnPg==\" style=\"--smush-placeholder-width: 700px; --smush-placeholder-aspect-ratio: 700\/990;\" \/><\/a><a href=\"http:\/\/www.greta-hessel.de\/Medienagentur\/wp-content\/uploads\/2014\/04\/Unbenannt-16jpg.jpg\"><img decoding=\"async\" class=\"alignleft wp-image-456 size-full lazyload\" data-src=\"http:\/\/www.greta-hessel.de\/Medienagentur\/wp-content\/uploads\/2014\/04\/Unbenannt-16jpg-e1422802456824.jpg\" alt=\"Unbenannt-16jpg\" width=\"700\" height=\"990\" src=\"data:image\/svg+xml;base64,PHN2ZyB3aWR0aD0iMSIgaGVpZ2h0PSIxIiB4bWxucz0iaHR0cDovL3d3dy53My5vcmcvMjAwMC9zdmciPjwvc3ZnPg==\" style=\"--smush-placeholder-width: 700px; --smush-placeholder-aspect-ratio: 700\/990;\" \/><\/a><\/p>\n<p><a href=\"http:\/\/www.greta-hessel.de\/Medienagentur\/wp-content\/uploads\/2014\/04\/Unbenannt-13jpg.jpg\"><img decoding=\"async\" class=\"alignleft wp-image-453 size-full lazyload\" data-src=\"http:\/\/www.greta-hessel.de\/Medienagentur\/wp-content\/uploads\/2014\/04\/Unbenannt-13jpg-e1422802488965.jpg\" alt=\"Unbenannt-13jpg\" width=\"700\" height=\"990\" src=\"data:image\/svg+xml;base64,PHN2ZyB3aWR0aD0iMSIgaGVpZ2h0PSIxIiB4bWxucz0iaHR0cDovL3d3dy53My5vcmcvMjAwMC9zdmciPjwvc3ZnPg==\" style=\"--smush-placeholder-width: 700px; --smush-placeholder-aspect-ratio: 700\/990;\" \/><\/a><\/p>\n<p><a href=\"http:\/\/www.greta-hessel.de\/Medienagentur\/wp-content\/uploads\/2014\/04\/Unbenannt-20jpg.jpg\"><img decoding=\"async\" class=\"alignleft wp-image-462 size-full lazyload\" data-src=\"http:\/\/www.greta-hessel.de\/Medienagentur\/wp-content\/uploads\/2014\/04\/Unbenannt-20jpg-e1422802518262.jpg\" alt=\"Unbenannt-20jpg\" width=\"700\" height=\"990\" src=\"data:image\/svg+xml;base64,PHN2ZyB3aWR0aD0iMSIgaGVpZ2h0PSIxIiB4bWxucz0iaHR0cDovL3d3dy53My5vcmcvMjAwMC9zdmciPjwvc3ZnPg==\" style=\"--smush-placeholder-width: 700px; --smush-placeholder-aspect-ratio: 700\/990;\" \/><\/a><\/p>\n<p><a href=\"http:\/\/www.greta-hessel.de\/Medienagentur\/wp-content\/uploads\/2014\/04\/Unbenannt-19jpg.jpg\"><img decoding=\"async\" class=\"alignleft wp-image-461 size-full lazyload\" data-src=\"http:\/\/www.greta-hessel.de\/Medienagentur\/wp-content\/uploads\/2014\/04\/Unbenannt-19jpg-e1422802547703.jpg\" alt=\"Unbenannt-19jpg\" width=\"700\" height=\"990\" src=\"data:image\/svg+xml;base64,PHN2ZyB3aWR0aD0iMSIgaGVpZ2h0PSIxIiB4bWxucz0iaHR0cDovL3d3dy53My5vcmcvMjAwMC9zdmciPjwvc3ZnPg==\" style=\"--smush-placeholder-width: 700px; --smush-placeholder-aspect-ratio: 700\/990;\" \/><\/a><\/p>\n<p><a href=\"http:\/\/www.greta-hessel.de\/Medienagentur\/wp-content\/uploads\/2014\/04\/Unbenannt-17jpg.jpg\"><img decoding=\"async\" class=\"alignleft wp-image-458 size-full lazyload\" data-src=\"http:\/\/www.greta-hessel.de\/Medienagentur\/wp-content\/uploads\/2014\/04\/Unbenannt-17jpg-e1422802578477.jpg\" alt=\"Unbenannt-17jpg\" width=\"700\" height=\"990\" src=\"data:image\/svg+xml;base64,PHN2ZyB3aWR0aD0iMSIgaGVpZ2h0PSIxIiB4bWxucz0iaHR0cDovL3d3dy53My5vcmcvMjAwMC9zdmciPjwvc3ZnPg==\" style=\"--smush-placeholder-width: 700px; --smush-placeholder-aspect-ratio: 700\/990;\" \/><\/a><\/p>\n<p><a href=\"http:\/\/www.greta-hessel.de\/Medienagentur\/wp-content\/uploads\/2014\/04\/Unbenannt-23pg.jpg\"><img decoding=\"async\" class=\"alignleft wp-image-467 size-full lazyload\" data-src=\"http:\/\/www.greta-hessel.de\/Medienagentur\/wp-content\/uploads\/2014\/04\/Unbenannt-23pg-e1422802613149.jpg\" alt=\"Unbenannt-23pg\" width=\"700\" height=\"990\" src=\"data:image\/svg+xml;base64,PHN2ZyB3aWR0aD0iMSIgaGVpZ2h0PSIxIiB4bWxucz0iaHR0cDovL3d3dy53My5vcmcvMjAwMC9zdmciPjwvc3ZnPg==\" style=\"--smush-placeholder-width: 700px; --smush-placeholder-aspect-ratio: 700\/990;\" \/><\/a><\/p>\n<p><a href=\"http:\/\/www.greta-hessel.de\/Medienagentur\/wp-content\/uploads\/2014\/04\/Unbenannt-12jpg.jpg\"><img decoding=\"async\" class=\"alignleft wp-image-452 size-full lazyload\" data-src=\"http:\/\/www.greta-hessel.de\/Medienagentur\/wp-content\/uploads\/2014\/04\/Unbenannt-12jpg-e1422802644354.jpg\" alt=\"Unbenannt-12jpg\" width=\"700\" height=\"990\" src=\"data:image\/svg+xml;base64,PHN2ZyB3aWR0aD0iMSIgaGVpZ2h0PSIxIiB4bWxucz0iaHR0cDovL3d3dy53My5vcmcvMjAwMC9zdmciPjwvc3ZnPg==\" style=\"--smush-placeholder-width: 700px; --smush-placeholder-aspect-ratio: 700\/990;\" \/><\/a><\/p>\n<p><a href=\"http:\/\/www.greta-hessel.de\/Medienagentur\/wp-content\/uploads\/2014\/04\/Unbenannt-22jpg.jpg\"><img decoding=\"async\" class=\"alignleft wp-image-465 size-full lazyload\" data-src=\"http:\/\/www.greta-hessel.de\/Medienagentur\/wp-content\/uploads\/2014\/04\/Unbenannt-22jpg-e1422802675304.jpg\" alt=\"Unbenannt-22jpg\" width=\"700\" height=\"990\" src=\"data:image\/svg+xml;base64,PHN2ZyB3aWR0aD0iMSIgaGVpZ2h0PSIxIiB4bWxucz0iaHR0cDovL3d3dy53My5vcmcvMjAwMC9zdmciPjwvc3ZnPg==\" style=\"--smush-placeholder-width: 700px; --smush-placeholder-aspect-ratio: 700\/990;\" \/><\/a><\/p>\n<p><a href=\"http:\/\/www.greta-hessel.de\/Medienagentur\/wp-content\/uploads\/2014\/04\/Unbenannt-25pg.jpg\"><img decoding=\"async\" class=\"alignleft wp-image-470 size-full lazyload\" data-src=\"http:\/\/www.greta-hessel.de\/Medienagentur\/wp-content\/uploads\/2014\/04\/Unbenannt-25pg-e1422802706169.jpg\" alt=\"Unbenannt-25pg\" width=\"700\" height=\"990\" src=\"data:image\/svg+xml;base64,PHN2ZyB3aWR0aD0iMSIgaGVpZ2h0PSIxIiB4bWxucz0iaHR0cDovL3d3dy53My5vcmcvMjAwMC9zdmciPjwvc3ZnPg==\" style=\"--smush-placeholder-width: 700px; --smush-placeholder-aspect-ratio: 700\/990;\" \/><\/a><a href=\"http:\/\/www.greta-hessel.de\/Medienagentur\/wp-content\/uploads\/2014\/04\/Unbenannt-26pg.jpg\"><img decoding=\"async\" class=\"alignleft wp-image-471 size-full lazyload\" data-src=\"http:\/\/www.greta-hessel.de\/Medienagentur\/wp-content\/uploads\/2014\/04\/Unbenannt-26pg-e1422802744527.jpg\" alt=\"Unbenannt-26pg\" width=\"700\" height=\"990\" src=\"data:image\/svg+xml;base64,PHN2ZyB3aWR0aD0iMSIgaGVpZ2h0PSIxIiB4bWxucz0iaHR0cDovL3d3dy53My5vcmcvMjAwMC9zdmciPjwvc3ZnPg==\" style=\"--smush-placeholder-width: 700px; --smush-placeholder-aspect-ratio: 700\/990;\" \/><\/a><a href=\"http:\/\/www.greta-hessel.de\/Medienagentur\/wp-content\/uploads\/2014\/04\/Unbenannt-27pg.jpg\"><img decoding=\"async\" class=\"alignleft wp-image-472 size-full lazyload\" data-src=\"http:\/\/www.greta-hessel.de\/Medienagentur\/wp-content\/uploads\/2014\/04\/Unbenannt-27pg-e1422802772457.jpg\" alt=\"Unbenannt-27pg\" width=\"700\" height=\"990\" src=\"data:image\/svg+xml;base64,PHN2ZyB3aWR0aD0iMSIgaGVpZ2h0PSIxIiB4bWxucz0iaHR0cDovL3d3dy53My5vcmcvMjAwMC9zdmciPjwvc3ZnPg==\" style=\"--smush-placeholder-width: 700px; --smush-placeholder-aspect-ratio: 700\/990;\" \/><\/a><a href=\"http:\/\/www.greta-hessel.de\/Medienagentur\/wp-content\/uploads\/2014\/04\/Unbenannt-28pg.jpg\"><img decoding=\"async\" class=\"alignleft wp-image-473 size-full lazyload\" data-src=\"http:\/\/www.greta-hessel.de\/Medienagentur\/wp-content\/uploads\/2014\/04\/Unbenannt-28pg-e1422802803569.jpg\" alt=\"Unbenannt-28pg\" width=\"700\" height=\"990\" src=\"data:image\/svg+xml;base64,PHN2ZyB3aWR0aD0iMSIgaGVpZ2h0PSIxIiB4bWxucz0iaHR0cDovL3d3dy53My5vcmcvMjAwMC9zdmciPjwvc3ZnPg==\" style=\"--smush-placeholder-width: 700px; --smush-placeholder-aspect-ratio: 700\/990;\" \/><\/a><\/p>\n<p><a href=\"http:\/\/www.greta-hessel.de\/Medienagentur\/wp-content\/uploads\/2014\/04\/Unbenannt-30pg.jpg\"><img decoding=\"async\" class=\"alignleft wp-image-476 size-full lazyload\" data-src=\"http:\/\/www.greta-hessel.de\/Medienagentur\/wp-content\/uploads\/2014\/04\/Unbenannt-30pg-e1422802845658.jpg\" alt=\"Unbenannt-30pg\" width=\"700\" height=\"990\" src=\"data:image\/svg+xml;base64,PHN2ZyB3aWR0aD0iMSIgaGVpZ2h0PSIxIiB4bWxucz0iaHR0cDovL3d3dy53My5vcmcvMjAwMC9zdmciPjwvc3ZnPg==\" style=\"--smush-placeholder-width: 700px; --smush-placeholder-aspect-ratio: 700\/990;\" \/><\/a><a href=\"http:\/\/www.greta-hessel.de\/Medienagentur\/wp-content\/uploads\/2014\/04\/Unbenannt-31pg.jpg\"><img decoding=\"async\" class=\"alignleft wp-image-477 size-full lazyload\" data-src=\"http:\/\/www.greta-hessel.de\/Medienagentur\/wp-content\/uploads\/2014\/04\/Unbenannt-31pg-e1422802877630.jpg\" alt=\"Unbenannt-31pg\" width=\"700\" height=\"990\" src=\"data:image\/svg+xml;base64,PHN2ZyB3aWR0aD0iMSIgaGVpZ2h0PSIxIiB4bWxucz0iaHR0cDovL3d3dy53My5vcmcvMjAwMC9zdmciPjwvc3ZnPg==\" style=\"--smush-placeholder-width: 700px; --smush-placeholder-aspect-ratio: 700\/990;\" \/><\/a><\/p>\n<p>&nbsp;<\/p>\n<p><a href=\"http:\/\/www.greta-hessel.de\/Medienagentur\/wp-content\/uploads\/2014\/04\/Unbenannt-37g.jpg\"><img decoding=\"async\" class=\"alignleft wp-image-483 size-full lazyload\" data-src=\"http:\/\/www.greta-hessel.de\/Medienagentur\/wp-content\/uploads\/2014\/04\/Unbenannt-37g.jpg\" alt=\"Unbenannt-37g\" width=\"2480\" height=\"3508\" data-srcset=\"https:\/\/www.greta-hessel.de\/Medienagentur\/wp-content\/uploads\/2014\/04\/Unbenannt-37g.jpg 2480w, https:\/\/www.greta-hessel.de\/Medienagentur\/wp-content\/uploads\/2014\/04\/Unbenannt-37g-212x300.jpg 212w, https:\/\/www.greta-hessel.de\/Medienagentur\/wp-content\/uploads\/2014\/04\/Unbenannt-37g-724x1024.jpg 724w, https:\/\/www.greta-hessel.de\/Medienagentur\/wp-content\/uploads\/2014\/04\/Unbenannt-37g-624x883.jpg 624w\" data-sizes=\"(max-width: 2480px) 100vw, 2480px\" src=\"data:image\/svg+xml;base64,PHN2ZyB3aWR0aD0iMSIgaGVpZ2h0PSIxIiB4bWxucz0iaHR0cDovL3d3dy53My5vcmcvMjAwMC9zdmciPjwvc3ZnPg==\" style=\"--smush-placeholder-width: 2480px; --smush-placeholder-aspect-ratio: 2480\/3508;\" \/><\/a><a href=\"http:\/\/www.greta-hessel.de\/Medienagentur\/wp-content\/uploads\/2014\/04\/Unbenannt-39g.jpg\"><img decoding=\"async\" class=\"alignleft wp-image-485 size-full lazyload\" data-src=\"http:\/\/www.greta-hessel.de\/Medienagentur\/wp-content\/uploads\/2014\/04\/Unbenannt-39g-e1422803031448.jpg\" alt=\"Unbenannt-39g\" width=\"700\" height=\"990\" src=\"data:image\/svg+xml;base64,PHN2ZyB3aWR0aD0iMSIgaGVpZ2h0PSIxIiB4bWxucz0iaHR0cDovL3d3dy53My5vcmcvMjAwMC9zdmciPjwvc3ZnPg==\" style=\"--smush-placeholder-width: 700px; --smush-placeholder-aspect-ratio: 700\/990;\" \/><\/a><a href=\"http:\/\/www.greta-hessel.de\/Medienagentur\/wp-content\/uploads\/2014\/04\/Unbenannt-41g.jpg\"><img decoding=\"async\" class=\"alignleft wp-image-487 size-full lazyload\" data-src=\"http:\/\/www.greta-hessel.de\/Medienagentur\/wp-content\/uploads\/2014\/04\/Unbenannt-41g-e1422803080453.jpg\" alt=\"Unbenannt-41g\" width=\"700\" height=\"990\" src=\"data:image\/svg+xml;base64,PHN2ZyB3aWR0aD0iMSIgaGVpZ2h0PSIxIiB4bWxucz0iaHR0cDovL3d3dy53My5vcmcvMjAwMC9zdmciPjwvc3ZnPg==\" style=\"--smush-placeholder-width: 700px; --smush-placeholder-aspect-ratio: 700\/990;\" \/><\/a><a href=\"http:\/\/www.greta-hessel.de\/Medienagentur\/wp-content\/uploads\/2014\/04\/Unbenannt-42g.jpg\"><img decoding=\"async\" class=\"alignleft wp-image-488 size-full lazyload\" data-src=\"http:\/\/www.greta-hessel.de\/Medienagentur\/wp-content\/uploads\/2014\/04\/Unbenannt-42g-e1422803115699.jpg\" alt=\"Unbenannt-42g\" width=\"700\" height=\"990\" src=\"data:image\/svg+xml;base64,PHN2ZyB3aWR0aD0iMSIgaGVpZ2h0PSIxIiB4bWxucz0iaHR0cDovL3d3dy53My5vcmcvMjAwMC9zdmciPjwvc3ZnPg==\" style=\"--smush-placeholder-width: 700px; --smush-placeholder-aspect-ratio: 700\/990;\" \/><\/a><\/p>\n<p><a href=\"http:\/\/www.greta-hessel.de\/Medienagentur\/wp-content\/uploads\/2014\/04\/Unbenannt-21jpg.jpg\"><img decoding=\"async\" class=\"alignleft wp-image-464 size-full lazyload\" data-src=\"http:\/\/www.greta-hessel.de\/Medienagentur\/wp-content\/uploads\/2014\/04\/Unbenannt-21jpg-e1422803145508.jpg\" alt=\"Unbenannt-21jpg\" width=\"700\" height=\"990\" src=\"data:image\/svg+xml;base64,PHN2ZyB3aWR0aD0iMSIgaGVpZ2h0PSIxIiB4bWxucz0iaHR0cDovL3d3dy53My5vcmcvMjAwMC9zdmciPjwvc3ZnPg==\" style=\"--smush-placeholder-width: 700px; --smush-placeholder-aspect-ratio: 700\/990;\" \/><\/a><\/p>\n<p><a href=\"http:\/\/www.greta-hessel.de\/Medienagentur\/wp-content\/uploads\/2014\/04\/Unbenannt-34g.jpg\"><img decoding=\"async\" class=\"alignleft wp-image-480 size-full lazyload\" data-src=\"http:\/\/www.greta-hessel.de\/Medienagentur\/wp-content\/uploads\/2014\/04\/Unbenannt-34g-e1422803181879.jpg\" alt=\"Unbenannt-34g\" width=\"700\" height=\"990\" src=\"data:image\/svg+xml;base64,PHN2ZyB3aWR0aD0iMSIgaGVpZ2h0PSIxIiB4bWxucz0iaHR0cDovL3d3dy53My5vcmcvMjAwMC9zdmciPjwvc3ZnPg==\" style=\"--smush-placeholder-width: 700px; --smush-placeholder-aspect-ratio: 700\/990;\" \/><\/a><a href=\"http:\/\/www.greta-hessel.de\/Medienagentur\/wp-content\/uploads\/2014\/04\/Unbenannt-35g.jpg\"><img decoding=\"async\" class=\"alignleft wp-image-481 size-full lazyload\" data-src=\"http:\/\/www.greta-hessel.de\/Medienagentur\/wp-content\/uploads\/2014\/04\/Unbenannt-35g-e1422803214603.jpg\" alt=\"Unbenannt-35g\" width=\"700\" height=\"990\" src=\"data:image\/svg+xml;base64,PHN2ZyB3aWR0aD0iMSIgaGVpZ2h0PSIxIiB4bWxucz0iaHR0cDovL3d3dy53My5vcmcvMjAwMC9zdmciPjwvc3ZnPg==\" style=\"--smush-placeholder-width: 700px; --smush-placeholder-aspect-ratio: 700\/990;\" \/><\/a><\/p>\n<p>&nbsp;<\/p>\n<p><a href=\"http:\/\/www.greta-hessel.de\/Medienagentur\/wp-content\/uploads\/2014\/04\/Unbenannt-5.jpg\"><img decoding=\"async\" class=\"alignleft wp-image-441 size-full lazyload\" data-src=\"http:\/\/www.greta-hessel.de\/Medienagentur\/wp-content\/uploads\/2014\/04\/Unbenannt-5-e1422803243104.jpg\" alt=\"Unbenannt-5\" width=\"700\" height=\"990\" src=\"data:image\/svg+xml;base64,PHN2ZyB3aWR0aD0iMSIgaGVpZ2h0PSIxIiB4bWxucz0iaHR0cDovL3d3dy53My5vcmcvMjAwMC9zdmciPjwvc3ZnPg==\" style=\"--smush-placeholder-width: 700px; --smush-placeholder-aspect-ratio: 700\/990;\" \/><\/a><\/p>\n<p><a href=\"http:\/\/www.greta-hessel.de\/Medienagentur\/wp-content\/uploads\/2014\/04\/Unbenannt-32pg.jpg\"><img decoding=\"async\" class=\"alignleft wp-image-478 size-full lazyload\" data-src=\"http:\/\/www.greta-hessel.de\/Medienagentur\/wp-content\/uploads\/2014\/04\/Unbenannt-32pg-e1422803273910.jpg\" alt=\"Unbenannt-32pg\" width=\"700\" height=\"990\" src=\"data:image\/svg+xml;base64,PHN2ZyB3aWR0aD0iMSIgaGVpZ2h0PSIxIiB4bWxucz0iaHR0cDovL3d3dy53My5vcmcvMjAwMC9zdmciPjwvc3ZnPg==\" style=\"--smush-placeholder-width: 700px; --smush-placeholder-aspect-ratio: 700\/990;\" \/><\/a><a href=\"http:\/\/www.greta-hessel.de\/Medienagentur\/wp-content\/uploads\/2014\/04\/Unbenannt-33pg.jpg\"><img decoding=\"async\" class=\"alignleft wp-image-479 size-full lazyload\" data-src=\"http:\/\/www.greta-hessel.de\/Medienagentur\/wp-content\/uploads\/2014\/04\/Unbenannt-33pg-e1422803306456.jpg\" alt=\"Unbenannt-33pg\" width=\"700\" height=\"990\" src=\"data:image\/svg+xml;base64,PHN2ZyB3aWR0aD0iMSIgaGVpZ2h0PSIxIiB4bWxucz0iaHR0cDovL3d3dy53My5vcmcvMjAwMC9zdmciPjwvc3ZnPg==\" style=\"--smush-placeholder-width: 700px; --smush-placeholder-aspect-ratio: 700\/990;\" \/><\/a><a href=\"http:\/\/www.greta-hessel.de\/Medienagentur\/wp-content\/uploads\/2014\/04\/Unbenannt-36g.jpg\"><img decoding=\"async\" class=\"alignleft wp-image-482 size-full lazyload\" data-src=\"http:\/\/www.greta-hessel.de\/Medienagentur\/wp-content\/uploads\/2014\/04\/Unbenannt-36g-e1422803340777.jpg\" alt=\"Unbenannt-36g\" width=\"700\" height=\"990\" src=\"data:image\/svg+xml;base64,PHN2ZyB3aWR0aD0iMSIgaGVpZ2h0PSIxIiB4bWxucz0iaHR0cDovL3d3dy53My5vcmcvMjAwMC9zdmciPjwvc3ZnPg==\" style=\"--smush-placeholder-width: 700px; --smush-placeholder-aspect-ratio: 700\/990;\" \/><\/a><\/p>\n<p>&nbsp;<\/p>\n<p><a href=\"http:\/\/www.greta-hessel.de\/Medienagentur\/wp-content\/uploads\/2014\/04\/Unbenannt-4.jpg\"><img decoding=\"async\" class=\"alignleft wp-image-440 size-full lazyload\" data-src=\"http:\/\/www.greta-hessel.de\/Medienagentur\/wp-content\/uploads\/2014\/04\/Unbenannt-4-e1422803369449.jpg\" alt=\"Unbenannt-4\" width=\"700\" height=\"990\" src=\"data:image\/svg+xml;base64,PHN2ZyB3aWR0aD0iMSIgaGVpZ2h0PSIxIiB4bWxucz0iaHR0cDovL3d3dy53My5vcmcvMjAwMC9zdmciPjwvc3ZnPg==\" style=\"--smush-placeholder-width: 700px; --smush-placeholder-aspect-ratio: 700\/990;\" \/><\/a><\/p>\n<p>&nbsp;<\/p>\n<h2><a href=\"http:\/\/www.greta-hessel.de\/Medienagentur\/wp-content\/uploads\/2014\/04\/Unbenannt-2.jpg\"><img decoding=\"async\" class=\"alignleft wp-image-437 size-full lazyload\" data-src=\"http:\/\/www.greta-hessel.de\/Medienagentur\/wp-content\/uploads\/2014\/04\/Unbenannt-2-e1422803416383.jpg\" alt=\"Unbenannt-2\" width=\"700\" height=\"990\" src=\"data:image\/svg+xml;base64,PHN2ZyB3aWR0aD0iMSIgaGVpZ2h0PSIxIiB4bWxucz0iaHR0cDovL3d3dy53My5vcmcvMjAwMC9zdmciPjwvc3ZnPg==\" style=\"--smush-placeholder-width: 700px; --smush-placeholder-aspect-ratio: 700\/990;\" \/><\/a><\/h2>\n<p>&nbsp;<\/p>\n<h2><\/h2>\n<h2>Bild der Frau: Schutzengelfarm der Tiere.<\/h2>\n<p>Die Familie Tietsch und ein paar Freunde opfern Ihre Freizeit, ihr Geld, ihren Urlaub. Hunde und Katzen, Pferde und Kaninchen finden auf dem Gnadenhof Asyl bis ans Lebensende.<\/p>\n<p>Am Lattenzaun h\u00e4ngt ein rotes Schild: &#8222;Vorsicht bissiger Hund&#8220;. Das ist gleich zweimal falsch: Hinterm Zaun sind 34 Hunde, und bissig ist keiner. Dabei haben sie genug Grund Menschen zu hassen. Der Sch\u00e4ferhund Arco zum Beispiel. An einer Kette gefesselt, bewchste er einen Bauernhof. Tagelang gaben seine Besitzer ihm nichts zu fressen. Die Kette war so kurz, dass sich Arco nur im Zick-Zack bewegen konnte. Schlie\u00dflich war Arco so schwach, dass er zitternd auf einer Stelle kauerte. Die Pfoten froren in einer Wasserlache fest. Arco w\u00e4re l\u00e4ngst im Hundehimmel, h\u00e4tte Christiane Tietsch sein elendes Leben nicht gesehen. Mit Polizeiunterst\u00fctzung befreite sie den Hund&#8230;&#8230;.<\/p>\n<p>&#8212;&#8212;&#8212;&#8212;&#8212;&#8212;&#8212;&#8212;&#8212;&#8212;&#8212;&#8212;&#8212;&#8212;&#8212;&#8212;&#8212;&#8212;&#8212;&#8212;&#8212;&#8212;&#8212;&#8212;&#8212;&#8212;&#8212;&#8212;&#8212;&#8212;&#8212;&#8212;&#8212;&#8212;&#8212;&#8212;&#8212;-<\/p>\n<p>Freie Mitarbeiterin der Tageszeitung <strong>Badischen Neuesten Nachrichten<\/strong>:<\/p>\n<p>Freie Mitarbeiterin Hulda, Das Magazin, Thema Gesundheit<\/p>\n<p>Freie MItarbeiterin: Magazin Sch\u00e4delspalter Hannover 10\/1991<\/p>\n<p><a href=\"http:\/\/www.greta-hessel.de\/Medienagentur\/wp-content\/uploads\/2014\/04\/sch\u00e4del.jpg\"><img decoding=\"async\" class=\"alignleft size-medium wp-image-236 lazyload\" data-src=\"http:\/\/www.greta-hessel.de\/Medienagentur\/wp-content\/uploads\/2014\/04\/sch\u00e4del-142x300.jpg\" alt=\"sch\u00e4del\" width=\"142\" height=\"300\" data-srcset=\"https:\/\/www.greta-hessel.de\/Medienagentur\/wp-content\/uploads\/2014\/04\/sch\u00e4del-142x300.jpg 142w, https:\/\/www.greta-hessel.de\/Medienagentur\/wp-content\/uploads\/2014\/04\/sch\u00e4del-487x1024.jpg 487w, https:\/\/www.greta-hessel.de\/Medienagentur\/wp-content\/uploads\/2014\/04\/sch\u00e4del.jpg 1112w\" data-sizes=\"(max-width: 142px) 100vw, 142px\" src=\"data:image\/svg+xml;base64,PHN2ZyB3aWR0aD0iMSIgaGVpZ2h0PSIxIiB4bWxucz0iaHR0cDovL3d3dy53My5vcmcvMjAwMC9zdmciPjwvc3ZnPg==\" style=\"--smush-placeholder-width: 142px; --smush-placeholder-aspect-ratio: 142\/300;\" \/><\/a><a href=\"http:\/\/www.greta-hessel.de\/Medienagentur\/wp-content\/uploads\/2014\/04\/sch\u00e4del2.jpg\"><img decoding=\"async\" class=\"alignleft size-medium wp-image-237 lazyload\" data-src=\"http:\/\/www.greta-hessel.de\/Medienagentur\/wp-content\/uploads\/2014\/04\/sch\u00e4del2-212x300.jpg\" alt=\"sch\u00e4del2\" width=\"212\" height=\"300\" data-srcset=\"https:\/\/www.greta-hessel.de\/Medienagentur\/wp-content\/uploads\/2014\/04\/sch\u00e4del2-212x300.jpg 212w, https:\/\/www.greta-hessel.de\/Medienagentur\/wp-content\/uploads\/2014\/04\/sch\u00e4del2-724x1024.jpg 724w, https:\/\/www.greta-hessel.de\/Medienagentur\/wp-content\/uploads\/2014\/04\/sch\u00e4del2.jpg 1654w\" data-sizes=\"(max-width: 212px) 100vw, 212px\" src=\"data:image\/svg+xml;base64,PHN2ZyB3aWR0aD0iMSIgaGVpZ2h0PSIxIiB4bWxucz0iaHR0cDovL3d3dy53My5vcmcvMjAwMC9zdmciPjwvc3ZnPg==\" style=\"--smush-placeholder-width: 212px; --smush-placeholder-aspect-ratio: 212\/300;\" \/><\/a><\/p>\n","protected":false},"excerpt":{"rendered":"<p>\u00a0 &nbsp; &nbsp; &nbsp; &nbsp; &nbsp; Bild der Frau: Schutzengelfarm der Tiere. Die Familie Tietsch und ein paar Freunde opfern Ihre Freizeit, ihr Geld, ihren Urlaub. Hunde und Katzen, Pferde und Kaninchen finden auf dem Gnadenhof Asyl bis ans Lebensende. Am Lattenzaun h\u00e4ngt ein rotes Schild: &#8222;Vorsicht bissiger Hund&#8220;. Das ist gleich zweimal falsch: Hinterm &hellip; <a href=\"https:\/\/www.greta-hessel.de\/Medienagentur\/veroeffentlichungen\/\" class=\"more-link\"><span class=\"screen-reader-text\">Feine Adressen<\/span> weiterlesen <span class=\"meta-nav\">&rarr;<\/span><\/a><\/p>\n","protected":false},"author":1,"featured_media":0,"parent":0,"menu_order":0,"comment_status":"closed","ping_status":"closed","template":"","meta":{"_exactmetrics_skip_tracking":false,"_exactmetrics_sitenote_active":false,"_exactmetrics_sitenote_note":"","_exactmetrics_sitenote_category":0,"footnotes":""},"class_list":["post-221","page","type-page","status-publish","hentry"],"_links":{"self":[{"href":"https:\/\/www.greta-hessel.de\/Medienagentur\/wp-json\/wp\/v2\/pages\/221","targetHints":{"allow":["GET"]}}],"collection":[{"href":"https:\/\/www.greta-hessel.de\/Medienagentur\/wp-json\/wp\/v2\/pages"}],"about":[{"href":"https:\/\/www.greta-hessel.de\/Medienagentur\/wp-json\/wp\/v2\/types\/page"}],"author":[{"embeddable":true,"href":"https:\/\/www.greta-hessel.de\/Medienagentur\/wp-json\/wp\/v2\/users\/1"}],"replies":[{"embeddable":true,"href":"https:\/\/www.greta-hessel.de\/Medienagentur\/wp-json\/wp\/v2\/comments?post=221"}],"version-history":[{"count":40,"href":"https:\/\/www.greta-hessel.de\/Medienagentur\/wp-json\/wp\/v2\/pages\/221\/revisions"}],"predecessor-version":[{"id":1383,"href":"https:\/\/www.greta-hessel.de\/Medienagentur\/wp-json\/wp\/v2\/pages\/221\/revisions\/1383"}],"wp:attachment":[{"href":"https:\/\/www.greta-hessel.de\/Medienagentur\/wp-json\/wp\/v2\/media?parent=221"}],"curies":[{"name":"wp","href":"https:\/\/api.w.org\/{rel}","templated":true}]}}