{"id":2484,"date":"2024-05-17T10:58:36","date_gmt":"2024-05-17T08:58:36","guid":{"rendered":"https:\/\/www.greta-hessel.de\/Medienagentur\/?page_id=2484"},"modified":"2024-05-17T11:48:42","modified_gmt":"2024-05-17T09:48:42","slug":"foodblog","status":"publish","type":"page","link":"https:\/\/www.greta-hessel.de\/Medienagentur\/foodblog\/","title":{"rendered":"Foodblog"},"content":{"rendered":"\n<h1 class=\"wp-block-heading\">Sterne K\u00f6che<\/h1>\n\n\n\n<h3 class=\"wp-block-heading\">Lea Linster, Anibal Strubinger, Paul Stradner, Martin Herrmann, Dollenberg: <\/h3>\n\n\n\n<p>Symptomatisch ist seine klare Linie mit Bezug auf das Wesentliche. Wir nahmen ein Vier-Gang-Men\u00fc zu uns, was durch eine lange Reihe von Gr\u00fc\u00dfen aus der K\u00fcche eingeleitet wurde. Dazu ein klug ausgew\u00e4hlter Grauburgunder aus der Region.<\/p>\n\n\n\n<h1 class=\"wp-block-heading\">Weing\u00fcter:<\/h1>\n\n\n\n<h3 class=\"wp-block-heading\">Weingut Kopp<\/h3>\n\n\n\n<p>Der poetische Weinbergsname Feigenw\u00e4ldchen leitet sich \u00fcbrigens tats\u00e4chlich vom Feigenanbau ab, der von den Franziskanerm\u00f6nchen hier gepflegt wurde und auch heute noch in kleinem Ma\u00dfe existiert.<br>Dass eine mediterrane Frucht wie die Feige in dieser Lage kultiviert wurde, l\u00e4sst die historisch belegte G\u00fcte dieses Rebstandorts bereits erahnen.<\/p>\n","protected":false},"excerpt":{"rendered":"<p>Sterne K\u00f6che Lea Linster, Anibal Strubinger, Paul Stradner, Martin Herrmann, Dollenberg: Symptomatisch ist seine klare Linie mit Bezug auf das Wesentliche. Wir nahmen ein Vier-Gang-Men\u00fc zu uns, was durch eine lange Reihe von Gr\u00fc\u00dfen aus der K\u00fcche eingeleitet wurde. Dazu ein klug ausgew\u00e4hlter Grauburgunder aus der Region. Weing\u00fcter: Weingut Kopp Der poetische Weinbergsname Feigenw\u00e4ldchen leitet &hellip; <a href=\"https:\/\/www.greta-hessel.de\/Medienagentur\/foodblog\/\" class=\"more-link\"><span class=\"screen-reader-text\">Foodblog<\/span> weiterlesen <span class=\"meta-nav\">&rarr;<\/span><\/a><\/p>\n","protected":false},"author":1,"featured_media":0,"parent":0,"menu_order":0,"comment_status":"closed","ping_status":"closed","template":"","meta":{"_exactmetrics_skip_tracking":false,"_exactmetrics_sitenote_active":false,"_exactmetrics_sitenote_note":"","_exactmetrics_sitenote_category":0,"footnotes":""},"class_list":["post-2484","page","type-page","status-publish","hentry"],"_links":{"self":[{"href":"https:\/\/www.greta-hessel.de\/Medienagentur\/wp-json\/wp\/v2\/pages\/2484","targetHints":{"allow":["GET"]}}],"collection":[{"href":"https:\/\/www.greta-hessel.de\/Medienagentur\/wp-json\/wp\/v2\/pages"}],"about":[{"href":"https:\/\/www.greta-hessel.de\/Medienagentur\/wp-json\/wp\/v2\/types\/page"}],"author":[{"embeddable":true,"href":"https:\/\/www.greta-hessel.de\/Medienagentur\/wp-json\/wp\/v2\/users\/1"}],"replies":[{"embeddable":true,"href":"https:\/\/www.greta-hessel.de\/Medienagentur\/wp-json\/wp\/v2\/comments?post=2484"}],"version-history":[{"count":3,"href":"https:\/\/www.greta-hessel.de\/Medienagentur\/wp-json\/wp\/v2\/pages\/2484\/revisions"}],"predecessor-version":[{"id":2510,"href":"https:\/\/www.greta-hessel.de\/Medienagentur\/wp-json\/wp\/v2\/pages\/2484\/revisions\/2510"}],"wp:attachment":[{"href":"https:\/\/www.greta-hessel.de\/Medienagentur\/wp-json\/wp\/v2\/media?parent=2484"}],"curies":[{"name":"wp","href":"https:\/\/api.w.org\/{rel}","templated":true}]}}

<h1 class="wp-block-heading">Sterne Köche</h1>



<h3 class="wp-block-heading">Lea Linster, Anibal Strubinger, Paul Stradner, Martin Herrmann, Dollenberg: </h3>



<p>Symptomatisch ist seine klare Linie mit Bezug auf das Wesentliche. Wir nahmen ein Vier-Gang-Menü zu uns, was durch eine lange Reihe von Grüßen aus der Küche eingeleitet wurde. Dazu ein klug ausgewählter Grauburgunder aus der Region.</p>



<h1 class="wp-block-heading">Weingüter:</h1>



<h3 class="wp-block-heading">Weingut Kopp</h3>



<p>Der poetische Weinbergsname Feigenwäldchen leitet sich übrigens tatsächlich vom Feigenanbau ab, der von den Franziskanermönchen hier gepflegt wurde und auch heute noch in kleinem Maße existiert.<br>Dass eine mediterrane Frucht wie die Feige in dieser Lage kultiviert wurde, lässt die historisch belegte Güte dieses Rebstandorts bereits erahnen.</p>

<p>Sterne Köche Lea Linster, Anibal Strubinger, Paul Stradner, Martin Herrmann, Dollenberg: Symptomatisch ist seine klare Linie mit Bezug auf das Wesentliche. Wir nahmen ein Vier-Gang-Menü zu uns, was durch eine lange Reihe von Grüßen aus der Küche eingeleitet wurde. Dazu ein klug ausgewählter Grauburgunder aus der Region. Weingüter: Weingut Kopp Der poetische Weinbergsname Feigenwäldchen leitet &hellip; <a href="https://www.greta-hessel.de/Medienagentur/foodblog/" class="more-link"><span class="screen-reader-text">Foodblog</span> weiterlesen <span class="meta-nav">&rarr;</span></a></p>
